317
What are the prime factors of 19009120?
2, 5, 13, 19, 37
List the prime factors of 24358772.
2, 6089693
What are the prime factors of 117690?
2, 3, 5, 3923
What are the prime factors of 199130?
2, 5, 19913
List the prime factors of 330850.
2, 5, 13, 509
What are the prime factors of 29722737?
3, 11, 900689
What are the prime factors of 155181?
3, 13, 23, 173
List the prime factors of 170158.
2, 149, 571
What are the prime factors of 4096071?
3, 7, 79, 823
What are the prime factors of 5171010?
2, 3, 5, 13, 13259
What are the prime factors of 102301?
102301
What are the prime factors of 3594627?
3, 399403
List the prime factors of 66695.
5, 13339
What are the prime factors of 372578?
2, 311, 599
List the prime factors of 30378649.
7, 2027, 2141
List the prime factors of 32246.
2, 23, 701
What are the prime factors of 2142823?
2142823
What are the prime factors of 39539308?
2, 9884827
What are the prime factors of 1456555?
5, 523, 557
List the prime factors of 177135.
3, 5, 7, 241
List the prime factors of 2735193.
3, 29, 149, 211
What are the prime factors of 519150?
2, 3, 5, 3461
What are the prime factors of 7821969?
3, 61, 42743
What are the prime factors of 8393171?
8393171
What are the prime factors of 568409?
131, 4339
List the prime factors of 171211.
313, 547
List the prime factors of 9912400.
2, 5, 24781
What are the prime factors of 198483?
3, 66161
List the prime factors of 293295.
3, 5, 19553
What are the prime factors of 9236413?
19, 29, 16763
What are the prime factors of 16828809?
3, 281, 19963
What are the prime factors of 256473?
3, 7, 23, 59
What are the prime factors of 12655876?
2, 3163969
List the prime factors of 1605473.
47, 34159
List the prime factors of 51334.
2, 25667
What are the prime factors of 477038?
2, 238519
What are the prime factors of 587324?
2, 359, 409
What are the prime factors of 4581486?
2, 3, 7, 13, 2797
List the prime factors of 25732790.
2, 5, 31, 83009
List the prime factors of 492067.
492067
List the prime factors of 3208870.
2, 5, 7, 45841
What are the prime factors of 13530399?
3, 71, 139, 457
List the prime factors of 28044704.
2, 83, 10559
What are the prime factors of 562946?
2, 397, 709
What are the prime factors of 1272544?
2, 7, 13, 19, 23
List the prime factors of 33818.
2, 37, 457
What are the prime factors of 7608460?
2, 5, 380423
List the prime factors of 377479.
211, 1789
What are the prime factors of 24209660?
2, 5, 1210483
What are the prime factors of 8150397?
3, 37, 101, 727
What are the prime factors of 13878881?
13878881
List the prime factors of 558448.
2, 11, 19, 167
List the prime factors of 699337.
37, 41, 461
What are the prime factors of 3545068?
2, 853, 1039
List the prime factors of 4775916.
2, 3, 19, 20947
List the prime factors of 584544.
2, 3, 6089
List the prime factors of 1958134.
2, 43, 22769
List the prime factors of 398974.
2, 199487
What are the prime factors of 620454?
2, 3, 103409
List the prime factors of 529122.
2, 3, 11, 8017
List the prime factors of 2146583.
367, 5849
What are the prime factors of 231914?
2, 17, 19, 359
List the prime factors of 106595.
5, 21319
What are the prime factors of 5060662?
2, 17, 251, 593
What are the prime factors of 36090?
2, 3, 5, 401
List the prime factors of 99894.
2, 3, 16649
List the prime factors of 448966.
2, 7, 32069
What are the prime factors of 3117024?
2, 3, 79, 137
List the prime factors of 53208.
2, 3, 739
What are the prime factors of 1503028?
2, 375757
What are the prime factors of 18224165?
5, 23, 37, 4283
List the prime factors of 4126127.
577, 7151
What are the prime factors of 1024669?
1024669
What are the prime factors of 746595?
3, 5, 47, 353
What are the prime factors of 2134677?
3, 83, 8573
What are the prime factors of 37653534?
2, 3, 2091863
List the prime factors of 5279456.
2, 7, 13, 37
List the prime factors of 353659.
251, 1409
What are the prime factors of 397807?
397807
List the prime factors of 3026564.
2, 756641
List the prime factors of 21704642.
2, 10852321
What are the prime factors of 2980010?
2, 5, 11, 27091
What are the prime factors of 254533?
29, 67, 131
List the prime factors of 1346663.
19, 70877
List the prime factors of 4185601.
7, 73, 8191
What are the prime factors of 4290820?
2, 5, 214541
What are the prime factors of 1185398?
2, 53, 211
What are the prime factors of 745823?
13, 103, 557
What are the prime factors of 1777992?
2, 3, 23, 3221
List the prime factors of 4909986.
2, 3, 272777
What are the prime factors of 24591326?
2, 1699, 7237
What are the prime factors of 101648?
2, 6353
What are the prime factors of 26475957?
3, 980591
What are the prime factors of 215437?
97, 2221
List the prime factors of 25308075.
3, 5, 13, 101, 257
What are the prime factors of 1963814?
2, 673, 1459
List the prime factors of 34512222.
2, 3, 53, 108529
What are the prime factors of 20994998?
2, 23, 31, 14723
What are the prime factors of 2710286?
2, 241, 5623
What are the prime factors of 2649453?
3, 197, 4483
What are the prime factors of 765300?
2, 3, 5, 2551
List the prime factors of 171476.
2, 163, 263
What are the prime factors of 1248871?
13, 17, 5651
What are the prime factors of 43485?
3, 5, 13, 223
List the prime factors of 1454987.
1454987
What are the prime factors of 6513740?
2, 5, 67, 4861
List the prime factors of 3055910.
2, 5, 11, 13, 2137
What are the prime factors of 3535422?
2, 3, 11, 17, 23, 137
List the prime factors of 5710718.
2, 13, 157, 1399
What are the prime factors of 13537702?
2, 103, 65717
List the prime factors of 7824253.
7824253
What are the prime factors of 2781977?
11, 47, 5381
What are the prime factors of 6929693?
17, 23, 37, 479
What are the prime factors of 3609091?
23, 37, 4241
What are the prime factors of 29166330?
2, 3, 5, 19, 51169
What are the prime factors of 281476?
2, 13, 5413
List the prime factors of 3557093.
61, 58313
List the prime factors of 1557051.
3, 103, 5039
List the prime factors of 420884.
2, 43, 2447
List the prime factors of 7301140.
2, 5, 7, 11, 431
What are the prime factors of 639066?
2, 3, 43, 2477
List the prime factors of 372555.
3, 5, 17, 487
List the prime factors of 5717248.
2, 23, 971
List the prime factors of 3111974.
2, 89, 17483
List the prime factors of 1135202.
2, 567601
List the prime factors of 1105772.
2, 276443
List the prime factors of 395152.
2, 24697
What are the prime factors of 142107?
3, 7, 67, 101
What are the prime factors of 892197?
3, 99133
List the prime factors of 13095843.
3, 4365281
What are the prime factors of 6601908?
2, 3, 29, 61, 311
List the prime factors of 582214.
2, 291107
List the prime factors of 243460.
2, 5, 7, 37, 47
List the prime factors of 5051544.
2, 3, 210481
What are the prime factors of 398753?
19, 31, 677
List the prime factors of 181832.
2, 7, 17, 191
What are the prime factors of 153921?
3, 51307
List the prime factors of 634332.
2, 3, 52861
List the prime factors of 6851934.
2, 3, 191, 1993
List the prime factors of 1020209.
67, 15227
List the prime factors of 3062300.
2, 5, 113, 271
What are the prime factors of 1277195?
5, 157, 1627
List the prime factors of 2502414.
2, 3, 19, 271
What are the prime factors of 635242?
2, 317621
List the prime factors of 312848.
2, 19553
List the prime factors of 24247281.
3, 71, 113837
What are the prime factors of 229328?
2, 11, 1303
List the prime factors of 222295.
5, 23, 1933
What are the prime factors of 1697063?
1697063
List the prime factors of 297412.
2, 74353
List the prime factors of 179589.
3, 59863
List the prime factors of 8011864.
2, 7, 79, 1811
List the prime factors of 496568.
2, 62071
List the prime factors of 5611975.
5, 37, 6067
List the prime factors of 9786879.
3, 131, 2767
List the prime factors of 45036063.
3, 5004007
What are the prime factors of 406708?
2, 17, 5981
What are the prime factors of 4642?
2, 11, 211
What are the prime factors of 75656?
2, 7, 193
What are the prime factors of 567589?
11, 51599
What are the prime factors of 388006?
2, 194003
What are the prime factors of 1208124?
2, 3, 37, 907
List the prime factors of 2406527.
101, 23827
What are the prime factors of 1589596?
2, 587, 677
What are the prime factors of 2247050?
2, 5, 13, 3457
What are the prime factors of 874184?
2, 23, 4751
List th